te 0 - -79 - (1074 + -1002 + -52 + -4).
63
-5 + 16 + (-50 + 21 - -10)
-8
What is the value of (6 - (-16 - -12)) + 10 + 1 + 3 + 1?
25
What is (0 - (-2 - -6)) + -5 + (6 - 1) - 15?
-19
Evaluate 55 - (-1 + -5 - -10 - (4 - (-13 - -21))).
47
Evaluate -211 - -178 - (-12 - (0 - (-20 + 11))).
-12
82 + -36 + -5 + 33
74
4 + 9 + -1 + (-7 + -22 - -35)
18
Evaluate 0 - 47 - (-605 + 512).
46
What is (-33 - 2) + (31 + -48 - (-58 - -20))?
-14
What is the value of -68 + (-3 + 1 - (-32 + 50)) + -17 + 25?
-80
6 - 71 - -16 - ((26 - 32) + -2 + 2)
-43
Calculate -164 + 97 + 131 + -120.
-56
Calculate -1 + (26 - 65) + (1 - -1 - -2).
-36
-1419 - -1405 - (4 + -2 - (-31 + 3))
-44
What is the value of -8 - (197 + -188 + (0 - (0 + 3)))?
-14
Evaluate -128 + -4 + -526 + 598.
-60
Evaluate 40 + (69 - 53) - (11 - 0).
45
-2 - (-15 + 6) - -22 - -8 - -21
58
(21 - 13) + -45 - -2
-35
Calculate (-52 - 16) + (73 - -4).
9
Evaluate -62 + (-3 - 2 - (-141 + 139)).
-65
What is -55 - (75 + -32) - -38?
-60
Evaluate 7 + 32 + -22 + (-23 + 6 - 18).
-18
Calculate (99 - (146 - 63)) + (54 - (4 + -2)).
68
Evaluate 2 - ((4 - (-4 - -50)) + -19 + 14).
49
10 - (6 + -22 + 15 + 62)
-51
What is the value of (5 - -8) + (-90 - -59) + 32?
14
What is 21 - ((62 - 29) + 18)?
-30
-86 - (5 - 93 - 86)
88
(-25 - 89) + (165 - -34)
85
Evaluate 40 + -2 - (-6088 + 6085).
41
What is the value of -1 - (-38 + -17 + (-1 - -15))?
40
What is 13 - -2 - 21 - -40?
34
Evaluate (-2 + 1 - (42 + -52 - -32)) + 13.
-10
Calculate -49 + 67 + (-16 + 2 - -7).
11
What is the value of -24 + -75 + (56 - 39)?
-82
What is the value of -26 - (16 - -14 - 16)?
-40
(107 - (-65 + 150)) + -109
-87
Calculate (7 - -6) + (20 - 35) + -23.
-25
What is (-5 - 3) + 8 + -5 + 40?
35
Calculate 25 + (-18 - (14 - 16)) + 33 - -11.
53
Evaluate -7 - (-47 + 42 + -17).
15
Evaluate 31 - (166 + -63) - 35.
-107
What is the value of 16 + (-6 - 30) + -41 + 47?
-14
Calculate 44 - (-22 + 5 - -63).
-2
-4 + -4 - -69 - (-13 + 5)
69
20 - ((-74 - -83) + 2 + -53 + -2)
64
What is 142 + -71 + 13 - 76?
8
Calculate (0 - -3) + -1 + -1 - (4117 - 4105).
-11
What is (38 + -84 - 69) + 2?
-113
Calculate 0 + -7 + -21 + -27 + 74.
19
(-2 - -6) + -20 + 10 + 10 - -6
10
(-322 - -407) + (-217 - -2)
-130
Calculate 5 - (-62 + 57 + -10 + -2).
22
2 - (2 - (-37 - -17) - 27)
7
What is 64 + ((-51 - -32) + 22 - 32)?
35
Evaluate -17 - (-20 + 59 + -17 + -14).
-25
Evaluate 13 + (-11 + -1 - -10) - (28 - 16).
-1
Evaluate (-76 - (-41 + -143)) + (29 - 2).
135
56 - (35 - 2 - (13 - 1))
35
What is the value of 0 + 0 + 0 + 3 + -42 + -16 + 53?
-2
Evaluate 44 + -12 + 11 + 3 + (0 - 7).
39
Calculate (-11 + 8 - 7) + -4 - -7.
-7
Calculate 23 - (1 - (-33 + 27)).
16
Evaluate -25 + 29 + -22 - (8 + -4).
-22
What is 7 + (8 - 0 - -4 - 18) + 18?
19
What is -22 + -43 + 59 - -37?
31
Calculate 855 - 850 - (-3 - -60).
-52
(2 - 0) + 8 + -1 + -34
-25
What is the value of 8 - (-18 + 2 + 338 + -336)?
22
Calculate 20 + (-99 - -69) + (-25 - -9).
-26
Evaluate (3 - -95) + (373 - 458).
13
Evaluate (-45 - -6 - (-106 + -13)) + -1 + 23.
102
Calculate -8 - (-1 + 21 + (-2 - (-1 - -8)) + 8).
-27
What is 1753 + -1735 + -5 + -15?
-2
Calculate 77 + -72 + (-54 + 47 - (-103 - 1)).
102
Evaluate -53 + 145 + -92 - (18 + 1).
-19
What is the value of (2 - (6 - 0)) + (-20 - -3) + (-13 - -5)?
-29
-23 + 63 + -67 - -26
-1
What is the value of 17 + (16 - -27) - -79?
139
Evaluate 6 - (-1 - 3 - ((5 - 57) + 23)).
-19
Calculate (95 - -4) + -185 + 148.
62
What is 20 - ((-4 - (2 + 3)) + -17 + (26 - 1))?
21
Evaluate -3 + -6 + (-10 - -3 - (4 + -20)).
0
What is 29 - (4 - (4 + -9 - -6) - 10)?
36
-20 + (-68 + 161 + -178 - (1 - 7))
-99
Evaluate (-15 + 112 + -15 - 8) + (12 - 0) + 3.
89
What is 26 - 20 - (-2 - -52)?
-44
Evaluate 8 - (15 + 42 + -2) - 4 - -15.
-36
Calculate -289 + 253 + (7 - 5) + -21 + 5.
-50
What is -12 - (-26 - (33 - 14)) - 7?
26
Evaluate -266 + 340 - (126 - 4).
-48
Evaluate -159 + 143 + (-8 - -1) + 4.
-19
Calculate 0 + -47 + (10 - (2 + 1) - (-667 + 675)).
-48
What is -15 - ((44 - 74) + -12)?
27
What is 0 + 7 - (-11 + (-4 - (-24 - (-92 + 17))))?
73
Evaluate 2 + -2 - -35 - (32 + -42) - -14.
59
Evaluate (-12 - -1) + (24 - (58 - 25)) + 117.
97
What is the value of -4 - ((1 - 1) + (185 - 201))?
12
What is 35 - (68 - 51) - 118?
-100
What is the value of 1 + 4 + 378 + -364 + 0 + -2?
17
Evaluate 78 - (-18 - (-1 - -8)) - -2.
105
What is 15 - (4 - (5 - (-19 - -20)))?
15
What is the value of -2 + -5 - 11 - (-46 + -16 + -2)?
46
Evaluate (-8 + (-22 - -7) - -4) + (-5 - 0).
-24
What is the value of (23 - (24 + 33)) + 52 + 4?
22
What is the value of -38 - (-37 - (-113 + 29))?
-85
Evaluate 57 + -81 + -14 + (6 - 85).
-117
What is the value of -4 - ((4 - (-3 + -11) - -3) + (155 - 164))?
-16
(10 - 26) + (0 - -33 - (50 - 48))
15
Calculate 0 + 33 + (-9 - -1 - -15) + -13.
27
What is the value of 139 - 78 - (13 + -12 - -8)?
52
What is the value of -24 - 0 - (87 + -133) - 32?
-10
Calculate (2 - 10) + (-14 - -15) + (-7 - 5).
-19
-71 + 1 + -6 - (313 - 297)
-92
Evaluate -42 - (34 + 64 + -174).
34
What is 25 - (-82 - -99 - (-1 + 6))?
13
(3926 - 3887) + (-2 - 121)
-84
Evaluate (4 - 1) + -2 - (-5 + 15 + (45 - 116)).
62
(1 - 3) + -25 + 8 + 61
42
Evaluate -61 + (7 + -56 - -78).
-32
-14 + -2 + 8 + (211 - 238)
-35
What is the value of (-8 - (-62 + 2)) + (-62 - -51)?
41
Evaluate -3 - (-267 + 279 - (3 + -4 + -2 + 3)).
-15
-15 - -20 - (6 - (28 + -8 + -140))
-121
Calculate 27 + -61 + 98 - -14.
78
Evaluate 0 + (22 - 3) - (-7 + (-3 - -9)).
20
Evaluate 3 + -4 - (6 + -9 + -5) - (19 - 1).
-11
Evaluate 17 - (32 + 33 - (-1 - 5)).
-54
35 - 5 - -28 - (7 - (0 - -3) - -9)
45
What is 34 - -60 - -21 - 18?
97
What is the value of 9 + -3 + 38 - (-52 - -70)?
26
What is the value of 5986 - 5977 - (-25 + 0 + -1)?
35
What is -5 + (12 - -3) + 2 + -26 + 8 + 4?
-2
Calculate -25 - (86 - 233 - -97).
25
What is (-31 - 45) + 28 + 9?
-39
-11 - (-10 + (13 - -3) + (0 - -10))
-27
Calculate 1 + -8 + (-440 - -463) - -10.
26
-31 + 27 + (-58 - 3) + 27
-38
Calculate 3000 + -2938 - (-1 - -23).
40
Calculate -48 + (-5 - (-8 - -3) - (9 - 2)) + 3.
-52
(86 - 18) + 0 + -36 + 0 + 14
46
What is (-36 - -5 - -13 - 41) + 9 + (-2 - -2)?
-50
What is the value of 1 + -1 + 20 + (-36 - -10) + -4?
-10
Calculate (-1864 - -1859) + (8 - 2 - (-2 + 4)).
-1
Calculate 1 + -15 + 3 - (-32 - (-24 + 25) - 14).
36
Calculate 31 - (0 + -1) - (-22 - (-56 + -3 + 37)).
32
(-64 + 1 - -1) + -2 + -41 + (-24 - -66)
-63
Calculate 3 + 1 + (-109 - (-78 + -18)) + (0 - -58).
49
-19 - -7 - (36 + -64 - 8)
24
82 - (20 - -11 - -3)
48
Evaluate 39 - (-51 + 16 - -190 - -2).
-118
What is 0 + 7 - (-284 - -285) - (-37 + 1)?
42
Calculate 2 - ((6 - (4 - 0)) + (-7 - 6) + 102).
-89
What is (-128 - -132) + -7 + -49?
-52
-105 + 12 - (10 - ((17 - (5 + 3)) + -9))
-103
What is the value of -62 + (-27 + -5 - (-98 + 103))?
-99
What is (-38 + 10 - -25) + (-1 + 1 - 7) + 18?
8
What is the value of 63 + -23 - (4 + 0) - (-30 - -22)?
44
Evaluate 44 + 1 + 9 - 88.
-34
What is -44 + 16 + 12 + (-37 + 11 - -8)?
-34
What is the value of -19 + (17 + -5 + 3 - (3 + 5)) + 73?
61
What is the value of (-85 - -42) + 66 + -81 + 1?
-57
Evaluate (-9 - (6 + -79)) + -39 + -11.
14
66 + -32 - (24 - -64)
-54
Evaluate -17 + 3 + -1 - (-1785 - -1792).
-22
What is the value of 4 + -32 + -6 + (-18 - -19 - -5)?
-28
Calculate -20 + 3 + (9 - (2 + 7 - (-96 + 105))).
-8
Evaluate 45 - (-2 + -13 + -1 + 12 + 5).
44
Calculate -12 + 56 + 20 - -12 - (-15 + 0).
91
Calculate (24 - 37) + (-15 + 45 - 39 - (2 - 104)).
80
What is the value of -5 + 122 + (449 - 651)?
-85
What is the value of -47 + (-29 - (-59 - -9) - 44)?
-70
Calculate (-39 - 1) + (-16 + -2 + 13 - 9) + 16.
-38
-20 - -160 - (32 - (17 - -8))
133
What is 12 + 6 + 102 - 57?
63
What is the value of 5 + (-55 - (0 - -12 - (92 + -87)))?
-57
(2 + 6 - -2 - (-3 + (2 - -2))) + -2
7
Evaluate 99 + -9 + (24 + -57 + 13 - -10).
80
15 - (-12 - (15 + -3 + -4 + -8))
27
4 + -23 - (13 - -22)
-54
What is the value of 54 - ((-48 - -173) + -40)?
-31
-37 - -15 - 58 - (0 + (4 - -10))
-94
7 - 0 - (-1584 + 1624)
-33
What is 20 - -2 - (-114 - -192)?
-56
(1 - 8) + (62 - 65) - (9 + -17)
-2
What is (-7 - -41 - (10 + 30)) + 1 + 1 + -2?
-6
Evaluate 32 - 32 - -22 - -18.
40
What is 10 + 5 + -10 - (58 + (-18 + 14 - 1))?
-48
What is 14 + (-32 - (51 + -100))?
31
-76 + 8 + 79 - -14
25
Evaluate 3 + 0 + (10 - ((32